e factors of 4997.
19, 263
What are the prime factors of 32878?
2, 17, 967
List the prime factors of 6453.
3, 239
List the prime factors of 777.
3, 7, 37
List the prime factors of 1156.
2, 17
List the prime factors of 81779.
53, 1543
What are the prime factors of 868?
2, 7, 31
What are the prime factors of 67773?
3, 19, 29, 41
What are the prime factors of 1131?
3, 13, 29
What are the prime factors of 280?
2, 5, 7
What are the prime factors of 41483?
13, 3191
What are the prime factors of 31315?
5, 6263
What are the prime factors of 421?
421
List the prime factors of 12395.
5, 37, 67
What are the prime factors of 38567?
38567
List the prime factors of 14547.
3, 13, 373
What are the prime factors of 977?
977
What are the prime factors of 2707?
2707
List the prime factors of 1396.
2, 349
What are the prime factors of 381?
3, 127
What are the prime factors of 3179?
11, 17
What are the prime factors of 1238?
2, 619
What are the prime factors of 27130?
2, 5, 2713
List the prime factors of 3080.
2, 5, 7, 11
What are the prime factors of 67763?
67763
What are the prime factors of 15714?
2, 3, 97
List the prime factors of 7800.
2, 3, 5, 13
What are the prime factors of 78089?
11, 31, 229
List the prime factors of 122146.
2, 157, 389
What are the prime factors of 1107?
3, 41
What are the prime factors of 25979?
83, 313
What are the prime factors of 79888?
2, 4993
What are the prime factors of 26696?
2, 47, 71
What are the prime factors of 128026?
2, 64013
What are the prime factors of 446?
2, 223
List the prime factors of 775.
5, 31
List the prime factors of 2160.
2, 3, 5
What are the prime factors of 1810?
2, 5, 181
What are the prime factors of 6342?
2, 3, 7, 151
List the prime factors of 18198.
2, 3, 337
What are the prime factors of 1860?
2, 3, 5, 31
List the prime factors of 55393.
13, 4261
List the prime factors of 1168.
2, 73
What are the prime factors of 3637?
3637
What are the prime factors of 2696?
2, 337
List the prime factors of 538.
2, 269
List the prime factors of 28948.
2, 7237
List the prime factors of 110369.
7, 15767
What are the prime factors of 38416?
2, 7
What are the prime factors of 803?
11, 73
List the prime factors of 263.
263
List the prime factors of 36732.
2, 3, 3061
List the prime factors of 6386.
2, 31, 103
List the prime factors of 24453.
3, 11, 13, 19
List the prime factors of 3415.
5, 683
List the prime factors of 42917.
7, 6131
What are the prime factors of 66416?
2, 7, 593
List the prime factors of 430.
2, 5, 43
What are the prime factors of 2214?
2, 3, 41
List the prime factors of 36063.
3, 4007
What are the prime factors of 974?
2, 487
What are the prime factors of 7896?
2, 3, 7, 47
List the prime factors of 28277.
28277
List the prime factors of 127998.
2, 3, 13, 547
List the prime factors of 1336.
2, 167
What are the prime factors of 9527?
7, 1361
List the prime factors of 17243.
43, 401
List the prime factors of 1324.
2, 331
What are the prime factors of 10059?
3, 7, 479
List the prime factors of 31369.
13, 19, 127
What are the prime factors of 9512?
2, 29, 41
What are the prime factors of 17?
17
What are the prime factors of 130492?
2, 17, 19, 101
List the prime factors of 2466.
2, 3, 137
List the prime factors of 3210.
2, 3, 5, 107
What are the prime factors of 667?
23, 29
What are the prime factors of 373?
373
What are the prime factors of 1611?
3, 179
List the prime factors of 4423.
4423
What are the prime factors of 1038?
2, 3, 173
List the prime factors of 4396.
2, 7, 157
List the prime factors of 407.
11, 37
List the prime factors of 486.
2, 3
List the prime factors of 457.
457
List the prime factors of 18368.
2, 7, 41
List the prime factors of 63720.
2, 3, 5, 59
What are the prime factors of 907?
907
List the prime factors of 26942.
2, 19, 709
List the prime factors of 4647.
3, 1549
List the prime factors of 263.
263
What are the prime factors of 77263?
77263
List the prime factors of 13463.
13463
What are the prime factors of 1539?
3, 19
What are the prime factors of 17462?
2, 8731
List the prime factors of 1171.
1171
List the prime factors of 6003.
3, 23, 29
What are the prime factors of 2726?
2, 29, 47
What are the prime factors of 567?
3, 7
List the prime factors of 36984.
2, 3, 23, 67
List the prime factors of 3682.
2, 7, 263
List the prime factors of 1402.
2, 701
List the prime factors of 7692.
2, 3, 641
List the prime factors of 26.
2, 13
List the prime factors of 6682.
2, 13, 257
What are the prime factors of 2658?
2, 3, 443
What are the prime factors of 2928?
2, 3, 61
What are the prime factors of 126908?
2, 31727
List the prime factors of 201.
3, 67
List the prime factors of 39325.
5, 11, 13
What are the prime factors of 37074?
2, 3, 37, 167
List the prime factors of 27122.
2, 71, 191
List the prime factors of 15881.
15881
List the prime factors of 73.
73
List the prime factors of 1700.
2, 5, 17
What are the prime factors of 29610?
2, 3, 5, 7, 47
List the prime factors of 664.
2, 83
What are the prime factors of 40423?
40423
List the prime factors of 1018.
2, 509
What are the prime factors of 33990?
2, 3, 5, 11, 103
What are the prime factors of 4258?
2, 2129
What are the prime factors of 64973?
43, 1511
What are the prime factors of 38179?
73, 523
List the prime factors of 48619.
48619
What are the prime factors of 7688?
2, 31
What are the prime factors of 30802?
2, 15401
What are the prime factors of 5170?
2, 5, 11, 47
What are the prime factors of 3625?
5, 29
List the prime factors of 53067.
3, 7, 19
List the prime factors of 25821.
3, 19, 151
What are the prime factors of 33170?
2, 5, 31, 107
What are the prime factors of 11140?
2, 5, 557
What are the prime factors of 925?
5, 37
List the prime factors of 18261.
3, 2029
List the prime factors of 26687.
26687
List the prime factors of 40504.
2, 61, 83
What are the prime factors of 54621?
3, 7, 17
List the prime factors of 8603.
7, 1229
What are the prime factors of 154905?
3, 5, 23, 449
What are the prime factors of 1342?
2, 11, 61
List the prime factors of 837.
3, 31
What are the prime factors of 30028?
2, 7507
List the prime factors of 34492.
2, 8623
List the prime factors of 1565.
5, 313
What are the prime factors of 50032?
2, 53, 59
What are the prime factors of 19540?
2, 5, 977
List the prime factors of 400.
2, 5
List the prime factors of 39636.
2, 3, 367
What are the prime factors of 133570?
2, 5, 19, 37
List the prime factors of 20.
2, 5
List the prime factors of 14704.
2, 919
What are the prime factors of 667?
23, 29
What are the prime factors of 153892?
2, 79, 487
List the prime factors of 636.
2, 3, 53
List the prime factors of 52586.
2, 26293
What are the prime factors of 744?
2, 3, 31
What are the prime factors of 1892?
2, 11, 43
What are the prime factors of 4000?
2, 5
What are the prime factors of 629?
17, 37
What are the prime factors of 57828?
2, 3, 61, 79
What are the prime factors of 70670?
2, 5, 37, 191
List the prime factors of 52022.
2, 19, 37
What are the prime factors of 124877?
151, 827
List the prime factors of 4377.
3, 1459
What are the prime factors of 182343?
3, 7, 19, 457
What are the prime factors of 4891?
67, 73
What are the prime factors of 9549?
3, 1061
What are the prime factors of 1143?
3, 127
What are the prime factors of 20087?
53, 379
What are the prime factors of 630?
2, 3, 5, 7
What are the prime factors of 6778?
2, 3389
List the prime factors of 405.
3, 5
List the prime factors of 2025.
3, 5
What are the prime factors of 84827?
84827
List the prime factors of 19038.
2, 3, 19, 167
List the prime factors of 33579.
3, 7, 13, 41
What are the prime factors of 1932?
2, 3, 7, 23
What are the prime factors of 1809?
3, 67
List the prime factors of 11036.
2, 31, 89
What are the prime factors of 8731?
8731
What are the prime factors of 124898?
2, 197, 317
List the prime factors of 34774.
2, 17387
What are the prime factors of 1343?
17, 79
What are the prime factors of 983?
983
List the prime factors of 52674.
2, 3, 8779
What are the prime factors of 1322?
2, 661
What are the prime factors of 569?
569
List the prime factors of 54.
2, 3
List the prime factors of 2596.
2, 11, 59
What are the prime factors of 77952?
2, 3, 7, 29
List the prime factors of 53718.
2, 3, 7, 1279
What are the prime factors of 4435?
5, 